In base 11, what is 69 - 5a?
a
In base 9, what is -278 - -2?
-276
In base 10, what is -27 - -59?
32
In base 16, what is -165 - -3?
-162
In base 6, what is 2035 + -12?
2023
In base 3, what is -1100201112 + -12?
-1100201201
In base 5, what is 1401 - 13?
1333
In base 16, what is -21 - -11?
-10
In base 15, what is 1 - -2e?
30
In base 14, what is -19a + 4?
-196
In base 9, what is 355 + 8?
364
In base 13, what is -5 + -3?
-8
In base 11, what is -28 + 3?
-25
In base 5, what is 1234 - 243?
441
In base 15, what is 3 - 38?
-35
In base 10, what is 13 + -11?
2
In base 14, what is 74 + -2?
72
In base 14, what is 5a - 33?
27
In base 14, what is -4 + -59a?
-5a0
In base 16, what is 6480 - 0?
6480
In base 9, what is -211 + 4?
-206
In base 2, what is -110 - 101010000011?
-101010001001
In base 13, what is 2408 - -3?
240b
In base 9, what is 6 + 203?
210
In base 6, what is -250 + 20?
-230
In base 16, what is -1 + 67?
66
In base 3, what is -100 + 111012?
110212
In base 16, what is -3 + 82?
7f
In base 16, what is 11 - -8?
19
In base 3, what is -22110 - 1?
-22111
In base 15, what is -16b - -5?
-166
In base 10, what is 5 + 574?
579
In base 4, what is 3 + 220?
223
In base 15, what is 47 + 2?
49
In base 9, what is -32 - 100?
-132
In base 16, what is de2 - 5?
ddd
In base 5, what is -3 + -201?
-204
In base 12, what is 117 + -3?
114
In base 5, what is 2110 + 1?
2111
In base 15, what is 120 - 0?
120
In base 14, what is 1193 - -3?
1196
In base 6, what is 2 + 1032?
1034
In base 15, what is -10e7 + 0?
-10e7
In base 11, what is 5 + -132?
-128
In base 7, what is 43 + -161?
-115
In base 2, what is -1101 - -1001?
-100
In base 11, what is 2 + 25?
27
In base 16, what is b5 + -1?
b4
In base 4, what is 233 - -10?
303
In base 11, what is 9 + 7?
15
In base 12, what is 7 + 6?
11
In base 15, what is 1 - -10b0?
10b1
In base 11, what is 5 + -a7?
-a2
In base 16, what is -f8 + 3?
-f5
In base 7, what is -65 + 210?
112
In base 13, what is -ac + -1?
-b0
In base 3, what is 1211211 - 12?
1211122
In base 8, what is -5 - -112?
105
In base 2, what is -111110101 - 1?
-111110110
In base 8, what is 47 + -30?
17
In base 6, what is 25 - 34?
-5
In base 10, what is -8570 - 2?
-8572
In base 2, what is -101 - -1001011110?
1001011001
In base 9, what is 7 + -8832?
-8824
In base 13, what is -23 + 32?
c
In base 3, what is 111212 + 10?
111222
In base 9, what is -5 + 66?
61
In base 6, what is 1 + -120?
-115
In base 10, what is -1 + -321?
-322
In base 15, what is -21b - -b?
-210
In base 8, what is 2 - -5010?
5012
In base 12, what is 4 + 105?
109
In base 13, what is -4 - -c3a?
c36
In base 10, what is 1 + -846?
-845
In base 6, what is -40 - 2?
-42
In base 6, what is -3 - 51210?
-51213
In base 15, what is -2 + -2a4?
-2a6
In base 9, what is 1 + 101?
102
In base 16, what is -69 + -2?
-6b
In base 12, what is 15a - -5?
163
In base 2, what is 1101010000 - -1010?
1101011010
In base 11, what is -150 + 0?
-150
In base 13, what is 3 - -14b?
151
In base 4, what is 2 + -1001031?
-1001023
In base 8, what is 3076 + 4?
3102
In base 8, what is -3 - -142?
137
In base 14, what is 5 - 76?
-71
In base 14, what is 1205 + 3?
1208
In base 13, what is 2ca - -1?
2cb
In base 7, what is -4 - 16?
-23
In base 5, what is 443411 + 0?
443411
In base 11, what is 350 - -a?
35a
In base 4, what is -11 + -23003?
-23020
In base 13, what is -66a + 2a?
-640
In base 6, what is -3 + -22?
-25
In base 7, what is -6056 + -3?
-6062
In base 9, what is 8355 + 1?
8356
In base 6, what is -355 + 3?
-352
In base 2, what is -111111 - -101?
-111010
In base 11, what is -6 + -17?
-22
In base 14, what is 98 - -b?
a5
In base 3, what is -100022201 + -2?
-100022210
In base 10, what is -4 - 37?
-41
In base 4, what is -1 + 31322?
31321
In base 10, what is 736 + 3?
739
In base 4, what is 1 + 10211?
10212
In base 6, what is -1 + -155?
-200
In base 4, what is 1020 + 1201?
2221
In base 13, what is 2 - 248a?
-2488
In base 2, what is 111011001 - 10?
111010111
In base 10, what is -6 + 84?
78
In base 15, what is -1 - -96?
95
In base 16, what is 0 + 177?
177
In base 14, what is -a1 - 66?
-127
In base 9, what is 216 - -7?
224
In base 4, what is -2030 + -20?
-2110
In base 13, what is 4 + 88?
8c
In base 11, what is 808 + -5?
803
In base 16, what is 4 + cf?
d3
In base 13, what is -4 - 1a2a?
-1a31
In base 5, what is 12242 - 4?
12233
In base 7, what is 152 - 44?
105
In base 10, what is 1 + -2402?
-2401
In base 11, what is -25 - 2a?
-54
In base 7, what is 3 + 331?
334
In base 11, what is -8 - -4a4?
497
In base 3, what is -120002 - -22?
-112210
In base 5, what is 4130 - 4?
4121
In base 15, what is 11 - 28?
-17
In base 4, what is -122302 - -11?
-122231
In base 14, what is -186 + 1?
-185
In base 14, what is 17 - 150?
-137
In base 8, what is 2 + -60?
-56
In base 6, what is 0 + -5115?
-5115
In base 5, what is 4 - -3220?
3224
In base 6, what is -3 - 52?
-55
In base 16, what is b4 + 1f?
d3
In base 7, what is -12 + -1552?
-1564
In base 7, what is 5403 - 3?
5400
In base 10, what is -5 - -150?
145
In base 4, what is -1101 - -31?
-1010
In base 6, what is 552 - 12?
540
In base 2, what is -100 - 110111?
-111011
In base 10, what is -1 - 228?
-229
In base 9, what is 5 + -26?
-21
In base 16, what is 8d8 - 4?
8d4
In base 15, what is -3 + 139?
136
In base 15, what is -2cb - 4?
-2d0
In base 6, what is -22 + -12?
-34
In base 5, what is 103 - 20?
33
In base 2, what is -10000 - -1000100?
110100
In base 6, what is -11 + -2411?
-2422
In base 7, what is 1 - -4?
5
In base 14, what is -1 - 840?
-841
In base 9, what is -1 - -182?
181
In base 15, what is -980 + -1?
-981
In base 9, what is -4 + 26?
22
In base 3, what is 1011 + 220?
2001
In base 14, what is -777 + -6?
-77d
In base 2, what is -101001 + -110010?
-1011011
In base 12, what is 0 - -46?
46
In base 16, what is -6d - 8?
-75
In base 10, what is 2 + -151?
-149
In base 9, what is 3 + -1832?
-1828
In base 6, what is 4 + 34?
42
In base 11, what is -8735 - -4?
-8731
In base 4, what is -10 - 1021?
-1031
In base 15, what is 83 + -c?
76
In base 16, what is 1 - 64?
-63
In base 6, what is 355 + 11?
410
In base 5, what is -1 - -4?
3
In base 6, what is 301 + 5?
310
In base 11, what is 144 + -3?
141
In base 2, what is 11 + 100010?
100101
In base 8, what is 0 + 1276?
1276
In base 5, what is 10 - 102?
-42
In base 4, what is 22 - -32?
120
In base 3, what is 201 + 20?
221
In base 7, what is 40 + -120?
-50
In base 4, what is 11 + -1011?
-1000
In base 5, what is 2243 - -2?
2300
In base 12, what is -8 + 2aa?
2a2
In base 6, what is 2 + -145?
-143
In base 4, what is 0 - -1000?
1000
In base 12, what is -64 + 56?
-a
In base 13, what is -a3 + 8?
-98
In base 7, what is 116033 + -1?
116032
In base 10, what is 5 - 42?
-37
In base 15, what is 0 - -21?
21
In base 14, what is -2 + 10?
c
In base 5, what is 3 + -13034?
-13031
In base 6, what is 200 + 13?
213
In base 9, what is 4 + 241?
245
In base 9, what is 222 + -57?
154
In base 8, what is 1311 + 17?
1330
In base 5, what is 100 + -32?
13
In base 6, what is -12432 - 0?
-12432
In base 7, what is 6 - 2312?
-2303
In base 13, what is 2 + 1c?
21
In base 11, what is -a9 + 21?
-88
In base 12, what is 1411 - -4?
1415
In base 12, what is -2 + 55?
53
In base 16, what is -b + -3b?
-46
In base 6, what is -10 - 1441?
-1451
In base 8, what is 5 + -1423?
-1416
In base 14, what is -5 - -21?
1a
In base 12, what is -272 + 4?
-26a
In base 6, what is -1123 - -4?
-1115
In base 5, what is 102 - 2214?
-2112
In base 13, what is -8b + -1b?
-a9
In base 10, what is 248 - 1?
247
In base 4, what is 2 - 1301?
-1233
In base 15, what is -31 + -40?
-71
In base 6, what is -5 + 1122?
1113
In base 15, what is c - -20?
2c
In base 11, what is 228 - -52?
27a
In base 3, what is -110121 - 2?
-110200
In base 4, what is -2130 + -1?
-2131
In base 6, what is -452 + -2?
-454
In base 2, what is 110010 + -10100?
11110
In base 12, what is 14 - 3?
11
In base 11, what is -3 - -133?
130
In base 11, what is 59 + 43?
a1
In base 8, what is 4 - 1613?
-1607
In base 10, what is 42 + -102?
-60
In base 11, what is 3063 + 3?
3066
In base 11, what is -3 + -8?
-10
In base 12, what is -5 + 10?
7
In base 6, what is 215 - 33?
142
In base 14, what is -2 + 3?
1
In base 7, what is -4 + -266?
-303
In base 14, what is 47 + -2?
45
In base 14, what is 60 - -4?
64
In base 10, what is -11 - -520?
509
In base 14, what